?
False
Suppose -10 = -4*k + 4*t + 2, 2*k = 5*t + 9. Suppose k*a + 4*c - 482 + 28 = 0, 5*a = 3*c + 1174. Is a composite?
False
Let q(j) = -12*j - 2. Let z be q(-10). Suppose 4*f = z + 150. Is f prime?
True
Let j(r) = 14*r**2 - 3*r - 1. Let h be j(-2). Let m = h - 42. Is m prime?
True
Let u(c) = -2*c**3 - 6*c**2 + 3*c - 6. Let x(o) = 3 + 3*o + 2*o - 6*o. Let q be x(8). Is u(q) composite?
False
Suppose 1004 = 4*j - 0. Is j a prime number?
True
Suppose 5*z = -4*j - 443, 2*z + 0*z = -5*j - 558. Let a = j + 158. Is a prime?
False
Let p = 2 + -2. Suppose p*u + 3*u = 45. Is u prime?
False
Let y(z) = -z**3 + z**2 + z. Let h(t) = 29*t**3 - 6*t**2 - 4*t + 1. Let d(p) = h(p) + 4*y(p). Let v be d(1). Suppose 2*j + 2 = v. Is j a composite number?
False
Let s(x) = 3*x**3 + 8*x**2 - 13*x - 7. Let w(h) = h**3. Let r(o) = s(o) - 2*w(o). Let g be r(-10). Let q = g + 134. Is q composite?
True
Let a = -16 + 17. Is -2 - a*538/(-2) composite?
True
Let q(s) = -22*s**3 + s**2 + 29*s + 3. Is q(-5) a prime number?
True
Is (6/12)/(3/2454) composite?
False
Let g be 2/9 - (-48)/27. Suppose -g*v - 5*w = 3*v - 960, 3*v - 576 = w. Suppose 5*u - v = 23. Is u prime?
True
Is (-274)/(-3)*(-21)/(-2) composite?
True
Suppose -2*d = -5*d + 249. Is d a composite number?
False
Suppose 0 = y - 0*y - 31. Suppose 5*r = 234 + y. Is r a prime number?
True
Is (92/(-12))/(3/(-45)) a composite number?
True
Is (-864)/(-14) + (-4)/(-14) prime?
False
Suppose -32 = 5*g + i, 2*i - 34 = 4*g - 0*i. Let z = g + 22. Is ((-1)/1)/((-5)/z) prime?
True
Let u = 5 - -33. Is u a prime number?
False
Let c be (-1 - -2)*132/(-4). Let w = 56 + c. Is w prime?
True
Let l = 82 + -35. Suppose -67 = -4*d + r + 4, -3*d = -2*r - l. Is d prime?
True
Let g = 50 - -651. Is g a composite number?
False
Let c be 5*(2 + 1/(-1)). Suppose -3*q + q - c*r = 4, r - 2 = q. Let i(p) = -105*p + 1. Is i(q) composite?
False
Let l be (3 - 15/6)*-2. Let d(o) = -37*o**3 - o**2 - o. Is d(l) composite?
False
Let v(b) = -115*b - 2. Is v(-1) a composite number?
False
Let q = -37 - -125. Is q/14 + (-2)/7 prime?
False
Let z(g) = g**3 - 3*g**2 + g - 1. Let s be z(3). Suppose 2 = s*b - 0*b. Let l = 1 + b. Is l prime?
True
Suppose -1744 = -3*k + 2135. Is k composite?
True
Is ((-16)/12 + 2)*4629/2 a prime number?
True
Let v be 0 - (1/1 + -2). Let b(x) = 8*x + 5. Let n(i) = -65*i - 39. Let r(q) = -39*b(q) - 5*n(q). Is r(v) a composite number?
False
Let b(q) = -142*q - 11. Is b(-4) composite?
False
Let i(p) = -p**3 + 18*p**2 - 10*p. Let y = 17 - 8. Let z be i(y). Suppose -5*a + z + 86 = 0. Is a composite?
True
Let o(p) = 3*p**2 - 2*p - 6. Let w = 17 + -10. Suppose 4*c + 5*s + 15 = 0, c - 2*c = -2*s + w. Is o(c) a composite number?
False
Suppose -3*m = 2*v - v - 8, 2 = 2*m + 4*v. Let k be 2/6 - 118/m. Is (-1 - k)*(-2)/(-4) composite?
False
Let r = -61 - -133. Suppose -6*i + r = -2*i. Is 19 - (i/(-3) - -3) a prime number?
False
Let t = 140 + 515. Is t prime?
False
Let a(o) = -971*o**3 - o**2 - o. Let n be a(-1). Let m = -528 + n. Is m composite?
False
Suppose 0 = 3*i + 3, i = -w - i. Suppose 2*k = -w*o + 4*k - 32, -2*k = o + 28. Let y = o - -46. Is y a prime number?
False
Suppose p - 10 = -11. Is (p/(-3))/((-1)/(-255)) a prime number?
False
Suppose 5*q = -3*w + 7762, -5*q - 1836 = -w + 718. Is w a prime number?
True
Let u be 160/((-1 + 3)/2). Suppose 5*q = 735 - u. Suppose q = 5*i + 10. Is i prime?
False
Is (4 - -2837) + -1 + (1 - 2) composite?
True
Suppose 2*i + 0*i = -3*b + 407, -5*i = 5*b - 1020. Is i prime?
False
Suppose -620 = -5*o - 5*g, 3*o - 5*g = -0*o + 396. Is o a prime number?
True
Suppose -2*g - 9 = -3*g. Suppose -g*w = -4*w - 955. Is w composite?
False
Suppose g = 5*q - 19941, 2*q - 2212 = 3*g + 5754. Is q composite?
False
Is 24/16*(-998)/6*-2 prime?
True
Let k = -12 - -15. Is k - ((-488 - -2) + -2) prime?
True
Suppose b + 2 = 3*s, -6*s + 2 = -s - 2*b. Let u(j) = 1 - j**2 + s*j**2 - 5*j**3 - 4 - 2*j**2 - 2*j. Is u(-2) composite?
False
Let m(v) = 8*v**2 + 5*v - 1 - 3*v - 40*v**3 - 7*v**2. Is m(-2) a prime number?
False
Suppose 0 = -p + 3*w + 3359, -11*p - 2*w + 16863 = -6*p. Is p a prime number?
True
Let k(p) be the first derivative of -2 - p + 3/2*p**2. Is k(8) prime?
True
Suppose 14 = -2*i - 0*i. Let o = -3 - i. Suppose l + 1 + 1 = 0, -l = -o*x + 214. Is x composite?
False
Let c be 65/(-3) - 4/(-6). Let o(u) = -u + 1. Let t(z) = 5*z - 6. Let y(d) = c*o(d) - 3*t(d). Is y(4) prime?
False
Let g(m) = m**3 - 11*m**2 + m - 1. Is g(11) a composite number?
True
Suppose 0 = -o + 4*o. Suppose -4*h + h - 4*r + 19 = o, 2*r = -3*h + 17. Suppose -5*t - 4*k = -89, t - 60 + 19 = h*k. Is t a prime number?
False
Let f = -50 - -115. Is f composite?
True
Suppose 3*r + 3*l = 1347, r - 4*l - 474 = -0*l. Is r prime?
False
Suppose d + 11 - 45 = -5*b, d + 3*b = 28. Is d composite?
False
Let y(a) = 12*a + a**2 + 9*a**3 - 1 - 7*a**3 - 2*a**2. Is y(8) a prime number?
False
Let a be 385/(-3) - (-2)/(-3). Let f = a - -268. Is f a composite number?
False
Let k = -90 + 205. Is k prime?
False
Suppose -17*g = -12*g - 395. Is g composite?
False
Let s be (-2)/(-7) + (-52)/(-14). Suppose -2*f = -4*n - 36, 86 = 2*f + s*n + 34. Is f a prime number?
False
Is (-2 - 0)*(-36)/8 a prime number?
False
Suppose 190 = 4*h - 2*h. Suppose -g + 5*g - 5*d = 97, h = 4*g - 3*d. Is g composite?
False
Suppose -2*g - 15 = 3*g + 5*h, -4*g - 5*h - 15 = 0. Suppose 0 = 3*n - g*n - 24. Is (-18)/n*(-40)/15 prime?
False
Let x = -58 + -28. Let c = x + 139. Is c prime?
True
Let r(j) = -3 + 21*j + 6*j + 31*j. Is r(11) a composite number?
True
Let j = -3624 + 6183. Is j a prime number?
False
Let a(w) = 36*w**2 - 2*w + 1. Is a(1) a composite number?
True
Is (-2 - -118)*(-31)/(-4) + 0 composite?
True
Suppose 176 - 1367 = -3*u. Is u a prime number?
True
Let g = 0 - -5. Suppose 2 = -p - g. Is 2/p - 932/(-28) a prime number?
False
Suppose -2*a = -5*l + 19, -a + 2*a = 3*l - 11. Is ((-4)/2)/a - -3 a prime number?
False
Suppose 2*z = 5*y + 1502, 0 = -2*z + 5*y - 2*y + 1502. Is z composite?
False
Let l(z) be the first derivative of 67*z**2/2 - 3*z + 4. Is l(2) a composite number?
False
Let o be (173 - 2)*2/6. Suppose o = z + 19. Is z composite?
True
Let r = 377 + -232. Is r a composite number?
True
Suppose -2*c - 3*c + 2465 = 0. Suppose w - c = -q - 2*q, 2*q + 3*w - 338 = 0. Is q a prime number?
True
Let t = 222 - -497. Is t composite?
False
Suppose 3*g - 774 = 3*h, -4*g + 665 + 367 = 3*h. Suppose -2*j - g = -4*j. Is j composite?
True
Let z = -96 + 22. Let m = -43 - z. Is m composite?
False
Let m(c) = -13*c. Let g be m(-1). Suppose g*j - 9*j = 332. Is j prime?
True
Is (-30)/(-225) - (-11186)/30 a composite number?
False
Let x(v) = 5*v**2 + 8*v - 5. Let o = -3 + -3. Is x(o) a composite number?
False
Suppose 3*m = -w + 32, -4*m + 6*m = -5*w + 30. Suppose -3*i + 32 = -m. Is i prime?
False
Let u = 2 - 5. Let c be (-2 - (2 + u))*0. Suppose c = -b + 56 + 1. Is b a composite number?
True
Let g be (3/6 - 1)*0. Suppose -f = 3 - g. Is (417/12)/(f/(-12)) a prime number?
True
Let q(l) = l**2 - 4*l + 5. Let g be q(4). Let b be (6 - 7)/((-1)/22). Suppose -g*t + 3*t = -b. Is t prime?
True
Let j(q) be the second derivative of -q**4/12 + 11*q**3/6 + 5*q**2/2 + q. Is j(9) a composite number?
False
Suppose 6*s - 723 = -69. Is s composite?
False
Let m(d) = 5*d - 4. Let a be m(16). Suppose -2*f - a - 301 = -3*t, -2*f - 631 = -5*t. Is t prime?
True
Suppose -3*z + 5*x = -z - 2243, 3*z = 2*x + 3337. Is z a composite number?
False
Let r(n) be the third derivative of -n**5/60 + 85*n**3/6 + n**2. Is r(0) composite?
True
Suppose -2*k + 18 = 4*k. Suppose k*s - 4*u - 409 = 0, -5*s - 5*u - 122 = -862. Is s prime?
False
Let d = 1 + 3. Suppose 0 = f - 5*a + 22, -3*f + d*a - 23 = -4*f. Suppose -y + 60 = 5*b, f*y = 2*b - 9 + 172. Is y a prime number?
False
Suppose 0 = -5*k - 9 - 61. Is k*(-249)/(-6)*-1 prime?
False
Suppose -9 + 95 = -2*m. Let k = m + 172. Is k prime?
False
Let n(m) = 2564*m - 37. Is n(3) a prime number?
False
Let i(d) = -d**3 + 6*d**2 - 6*d + 7. Let x be i(6). Let c = x + 40. Is c composite?
False
Let x = -22 + 43. Let r = x - 15. Is 233/3 - r/9 prime?
False
Let o = 4 - 0. Suppose -2*r = 2*j + 2 - o, -2*r + 6 = 4*j. Is 333/(-18)*j/(-1) prime?
True
Suppose 3*r + 7*u - 3*u = 0, -2*u = 0. Suppose c + 182 = 5*j - r*j, 3*j = -c + 1